{"version":"1.0","type":"rich","width":"560px","height":"140px","title":"dl014: waldbr\u00e4nde - Wie h\u00e4ngen Waldbr\u00e4nde und die Klimakrise zusammen?","url":"https:\/\/www.datenleben.de\/index.php\/2021\/05\/22\/dl014-waldbraende\/","author_name":"datenleben - der podcast \u00fcber data science","author_url":"https:\/\/www.datenleben.de","thumbnail_url":"https:\/\/www.datenleben.de\/wp-content\/uploads\/2021\/05\/014_Cover_Waldbraende.png","html":"<iframe width=\"560px\" height=\"140px\" src=\"https:\/\/www.datenleben.de\/index.php\/2021\/05\/22\/dl014-waldbraende\/?standalonePlayer\"><\/iframe>"}

dl014: waldbrände - Wie hängen Waldbrände und die Klimakrise zusammen?

datenleben - der podcast über data science
